{"id":25,"date":"2017-08-15T11:39:35","date_gmt":"2017-08-15T11:39:35","guid":{"rendered":"http:\/\/senplify.com\/?page_id=25"},"modified":"2023-08-08T00:01:25","modified_gmt":"2023-08-08T00:01:25","slug":"senplify","status":"publish","type":"page","link":"https:\/\/www.senplify.com\/index.php\/senplify\/","title":{"rendered":"Senplify"},"content":{"rendered":"\n<h2 class=\"wp-block-heading\">Votre partenaire \u00ab capteurs connect\u00e9s \u00bb<\/h2>\n\n\n\n<h3 class=\"wp-block-heading\">Concevoir pour industrialiser  <\/h3>\n\n\n<p style=\"text-align: justify;\">Senplify est un bureau d\u2019\u00e9tude technique bas\u00e9 \u00e0 Montpellier, sp\u00e9cialis\u00e9 dans la conception et l\u2019industrialisation de cartes \u00e9lectroniques embarqu\u00e9es industrielles. Gr\u00e2ce \u00e0 notre exp\u00e9rience \u00e9prouv\u00e9e depuis de nombreuses ann\u00e9es dans l\u2019industrialisation de produits RF, nous avons d\u00e9velopp\u00e9 une expertise dans la conception ou l\u2019int\u00e9gration d\u2019interface RF et d\u2019antennes dans les applications embarqu\u00e9es.<\/p>\n<p style=\"text-align: justify;\">L&#8217;\u00e9quipe Senplify ma\u00eetrise chaque \u00e9tape de l\u2019industrialisation: du prototypage \u00e0 la certification des produits. Nous concevons des solutions sur mesure pour r\u00e9pondre au mieux aux cahier des charges de chaque client pour leur applications industrielles. En examinant soigneusement toutes les sp\u00e9cifications \u00e9lectriques et m\u00e9caniques, les \u00e9ch\u00e9anciers et les exigences budg\u00e9taires, l&#8217;\u00e9quipe Senplify donne vie \u00e0 votre projet .<\/p>\n\n\n<figure class=\"wp-block-image size-large\"><img loading=\"lazy\" decoding=\"async\" width=\"1024\" height=\"584\" src=\"https:\/\/www.senplify.com\/wp-content\/uploads\/2020\/03\/savoirFaire-1-1024x584.png\" alt=\"\" class=\"wp-image-156\" srcset=\"https:\/\/www.senplify.com\/wp-content\/uploads\/2020\/03\/savoirFaire-1-1024x584.png 1024w, https:\/\/www.senplify.com\/wp-content\/uploads\/2020\/03\/savoirFaire-1-300x171.png 300w, https:\/\/www.senplify.com\/wp-content\/uploads\/2020\/03\/savoirFaire-1-768x438.png 768w, https:\/\/www.senplify.com\/wp-content\/uploads\/2020\/03\/savoirFaire-1.png 1336w\" sizes=\"auto, (max-width: 1024px) 100vw, 1024px\" \/><\/figure>\n\n\n\n<h3 class=\"wp-block-heading\">Accompagnement sur mesure<\/h3>\n\n\n\n<p>Senplify vous propose un accompagnement sur mesure pour l&#8217;int\u00e9gration de vos capteurs connect\u00e9s dans vos solutions clients. Que votre projet soit au stade de l\u2019id\u00e9e, en cours de conception ou en phase d\u2019industrialisation, Senplify est l\u00e0 pour vous \u00e9pauler.<\/p>\n\n\n\n<p>Forte d\u2019une riche exp\u00e9rience dans le d\u00e9veloppement et l\u2019industrialisation de produits de communication sans fil, l&#8217;\u00e9quipe Senplify met \u00e0 votre disposition son savoir-faire dans les domaines de l\u2019\u00e9lectronique, de la conception d&#8217;antennes et du logiciel embarqu\u00e9.<\/p>\n","protected":false},"excerpt":{"rendered":"<p>Votre partenaire \u00ab capteurs connect\u00e9s \u00bb Concevoir pour industrialiser Senplify est un bureau d\u2019\u00e9tude technique bas\u00e9 \u00e0 Montpellier, sp\u00e9cialis\u00e9 dans la conception et l\u2019industrialisation de cartes \u00e9lectroniques embarqu\u00e9es industrielles. Gr\u00e2ce \u00e0 notre exp\u00e9rience \u00e9prouv\u00e9e depuis de nombreuses ann\u00e9es dans l\u2019industrialisation de produits RF, nous avons d\u00e9velopp\u00e9 une expertise dans la conception ou l\u2019int\u00e9gration d\u2019interface RF&hellip; <br \/> <a class=\"read-more\" href=\"https:\/\/www.senplify.com\/index.php\/senplify\/\">Read more<\/a><\/p>\n","protected":false},"author":2,"featured_media":8,"parent":0,"menu_order":0,"comment_status":"closed","ping_status":"closed","template":"","meta":{"footnotes":""},"class_list":["post-25","page","type-page","status-publish","has-post-thumbnail","hentry"],"yoast_head":"<!-- This site is optimized with the Yoast SEO plugin v27.6 - https:\/\/yoast.com\/product\/yoast-seo-wordpress\/ -->\n<title>Senplify - votre partenaire capteurs connect\u00e9s<\/title>\n<meta name=\"description\" content=\"Concevoir pour industrialiser. Senplify est un bureau d\u2019\u00e9tude technique bas\u00e9 \u00e0 Montpellier sp\u00e9cialis\u00e9 dans la conception et l\u2019industrialisation de l&#039;IOT\" \/>\n<meta name=\"robots\" content=\"index, follow, max-snippet:-1, max-image-preview:large, max-video-preview:-1\" \/>\n<link rel=\"canonical\" href=\"https:\/\/www.senplify.com\/index.php\/senplify\/\" \/>\n<meta property=\"og:locale\" content=\"en_GB\" \/>\n<meta property=\"og:type\" content=\"article\" \/>\n<meta property=\"og:title\" content=\"Senplify - votre partenaire capteurs connect\u00e9s\" \/>\n<meta property=\"og:description\" content=\"Concevoir pour industrialiser. Senplify est un bureau d\u2019\u00e9tude technique bas\u00e9 \u00e0 Montpellier sp\u00e9cialis\u00e9 dans la conception et l\u2019industrialisation de l&#039;IOT\" \/>\n<meta property=\"og:url\" content=\"https:\/\/www.senplify.com\/index.php\/senplify\/\" \/>\n<meta property=\"og:site_name\" content=\"Senplify\" \/>\n<meta property=\"article:modified_time\" content=\"2023-08-08T00:01:25+00:00\" \/>\n<meta property=\"og:image\" content=\"https:\/\/www.senplify.com\/wp-content\/uploads\/2017\/08\/logo_senplifywithout-border30.png\" \/>\n\t<meta property=\"og:image:width\" content=\"422\" \/>\n\t<meta property=\"og:image:height\" content=\"178\" \/>\n\t<meta property=\"og:image:type\" content=\"image\/png\" \/>\n<meta name=\"twitter:card\" content=\"summary_large_image\" \/>\n<meta name=\"twitter:label1\" content=\"Estimated reading time\" \/>\n\t<meta name=\"twitter:data1\" content=\"2 minutes\" \/>\n<script type=\"application\/ld+json\" class=\"yoast-schema-graph\">{\"@context\":\"https:\\\/\\\/schema.org\",\"@graph\":[{\"@type\":\"WebPage\",\"@id\":\"https:\\\/\\\/www.senplify.com\\\/index.php\\\/senplify\\\/\",\"url\":\"https:\\\/\\\/www.senplify.com\\\/index.php\\\/senplify\\\/\",\"name\":\"Senplify - votre partenaire capteurs connect\u00e9s\",\"isPartOf\":{\"@id\":\"https:\\\/\\\/www.senplify.com\\\/#website\"},\"primaryImageOfPage\":{\"@id\":\"https:\\\/\\\/www.senplify.com\\\/index.php\\\/senplify\\\/#primaryimage\"},\"image\":{\"@id\":\"https:\\\/\\\/www.senplify.com\\\/index.php\\\/senplify\\\/#primaryimage\"},\"thumbnailUrl\":\"https:\\\/\\\/www.senplify.com\\\/wp-content\\\/uploads\\\/2017\\\/08\\\/logo_senplifywithout-border30.png\",\"datePublished\":\"2017-08-15T11:39:35+00:00\",\"dateModified\":\"2023-08-08T00:01:25+00:00\",\"description\":\"Concevoir pour industrialiser. Senplify est un bureau d\u2019\u00e9tude technique bas\u00e9 \u00e0 Montpellier sp\u00e9cialis\u00e9 dans la conception et l\u2019industrialisation de l'IOT\",\"breadcrumb\":{\"@id\":\"https:\\\/\\\/www.senplify.com\\\/index.php\\\/senplify\\\/#breadcrumb\"},\"inLanguage\":\"en-GB\",\"potentialAction\":[{\"@type\":\"ReadAction\",\"target\":[\"https:\\\/\\\/www.senplify.com\\\/index.php\\\/senplify\\\/\"]}]},{\"@type\":\"ImageObject\",\"inLanguage\":\"en-GB\",\"@id\":\"https:\\\/\\\/www.senplify.com\\\/index.php\\\/senplify\\\/#primaryimage\",\"url\":\"https:\\\/\\\/www.senplify.com\\\/wp-content\\\/uploads\\\/2017\\\/08\\\/logo_senplifywithout-border30.png\",\"contentUrl\":\"https:\\\/\\\/www.senplify.com\\\/wp-content\\\/uploads\\\/2017\\\/08\\\/logo_senplifywithout-border30.png\",\"width\":422,\"height\":178},{\"@type\":\"BreadcrumbList\",\"@id\":\"https:\\\/\\\/www.senplify.com\\\/index.php\\\/senplify\\\/#breadcrumb\",\"itemListElement\":[{\"@type\":\"ListItem\",\"position\":1,\"name\":\"Home\",\"item\":\"https:\\\/\\\/www.senplify.com\\\/\"},{\"@type\":\"ListItem\",\"position\":2,\"name\":\"Senplify\"}]},{\"@type\":\"WebSite\",\"@id\":\"https:\\\/\\\/www.senplify.com\\\/#website\",\"url\":\"https:\\\/\\\/www.senplify.com\\\/\",\"name\":\"Senplify\",\"description\":\"Votre partenaire capteurs connect\u00e9s de A \u00e0 Z\",\"publisher\":{\"@id\":\"https:\\\/\\\/www.senplify.com\\\/#organization\"},\"potentialAction\":[{\"@type\":\"SearchAction\",\"target\":{\"@type\":\"EntryPoint\",\"urlTemplate\":\"https:\\\/\\\/www.senplify.com\\\/?s={search_term_string}\"},\"query-input\":{\"@type\":\"PropertyValueSpecification\",\"valueRequired\":true,\"valueName\":\"search_term_string\"}}],\"inLanguage\":\"en-GB\"},{\"@type\":\"Organization\",\"@id\":\"https:\\\/\\\/www.senplify.com\\\/#organization\",\"name\":\"Senplify\",\"url\":\"https:\\\/\\\/www.senplify.com\\\/\",\"logo\":{\"@type\":\"ImageObject\",\"inLanguage\":\"en-GB\",\"@id\":\"https:\\\/\\\/www.senplify.com\\\/#\\\/schema\\\/logo\\\/image\\\/\",\"url\":\"https:\\\/\\\/www.senplify.com\\\/wp-content\\\/uploads\\\/2020\\\/03\\\/cropped-cropped-embleme-cropped-270x270-1-150x150-1.png\",\"contentUrl\":\"https:\\\/\\\/www.senplify.com\\\/wp-content\\\/uploads\\\/2020\\\/03\\\/cropped-cropped-embleme-cropped-270x270-1-150x150-1.png\",\"width\":150,\"height\":150,\"caption\":\"Senplify\"},\"image\":{\"@id\":\"https:\\\/\\\/www.senplify.com\\\/#\\\/schema\\\/logo\\\/image\\\/\"}}]}<\/script>\n<!-- \/ Yoast SEO plugin. -->","yoast_head_json":{"title":"Senplify - votre partenaire capteurs connect\u00e9s","description":"Concevoir pour industrialiser. Senplify est un bureau d\u2019\u00e9tude technique bas\u00e9 \u00e0 Montpellier sp\u00e9cialis\u00e9 dans la conception et l\u2019industrialisation de l'IOT","robots":{"index":"index","follow":"follow","max-snippet":"max-snippet:-1","max-image-preview":"max-image-preview:large","max-video-preview":"max-video-preview:-1"},"canonical":"https:\/\/www.senplify.com\/index.php\/senplify\/","og_locale":"en_GB","og_type":"article","og_title":"Senplify - votre partenaire capteurs connect\u00e9s","og_description":"Concevoir pour industrialiser. Senplify est un bureau d\u2019\u00e9tude technique bas\u00e9 \u00e0 Montpellier sp\u00e9cialis\u00e9 dans la conception et l\u2019industrialisation de l'IOT","og_url":"https:\/\/www.senplify.com\/index.php\/senplify\/","og_site_name":"Senplify","article_modified_time":"2023-08-08T00:01:25+00:00","og_image":[{"width":422,"height":178,"url":"https:\/\/www.senplify.com\/wp-content\/uploads\/2017\/08\/logo_senplifywithout-border30.png","type":"image\/png"}],"twitter_card":"summary_large_image","twitter_misc":{"Estimated reading time":"2 minutes"},"schema":{"@context":"https:\/\/schema.org","@graph":[{"@type":"WebPage","@id":"https:\/\/www.senplify.com\/index.php\/senplify\/","url":"https:\/\/www.senplify.com\/index.php\/senplify\/","name":"Senplify - votre partenaire capteurs connect\u00e9s","isPartOf":{"@id":"https:\/\/www.senplify.com\/#website"},"primaryImageOfPage":{"@id":"https:\/\/www.senplify.com\/index.php\/senplify\/#primaryimage"},"image":{"@id":"https:\/\/www.senplify.com\/index.php\/senplify\/#primaryimage"},"thumbnailUrl":"https:\/\/www.senplify.com\/wp-content\/uploads\/2017\/08\/logo_senplifywithout-border30.png","datePublished":"2017-08-15T11:39:35+00:00","dateModified":"2023-08-08T00:01:25+00:00","description":"Concevoir pour industrialiser. Senplify est un bureau d\u2019\u00e9tude technique bas\u00e9 \u00e0 Montpellier sp\u00e9cialis\u00e9 dans la conception et l\u2019industrialisation de l'IOT","breadcrumb":{"@id":"https:\/\/www.senplify.com\/index.php\/senplify\/#breadcrumb"},"inLanguage":"en-GB","potentialAction":[{"@type":"ReadAction","target":["https:\/\/www.senplify.com\/index.php\/senplify\/"]}]},{"@type":"ImageObject","inLanguage":"en-GB","@id":"https:\/\/www.senplify.com\/index.php\/senplify\/#primaryimage","url":"https:\/\/www.senplify.com\/wp-content\/uploads\/2017\/08\/logo_senplifywithout-border30.png","contentUrl":"https:\/\/www.senplify.com\/wp-content\/uploads\/2017\/08\/logo_senplifywithout-border30.png","width":422,"height":178},{"@type":"BreadcrumbList","@id":"https:\/\/www.senplify.com\/index.php\/senplify\/#breadcrumb","itemListElement":[{"@type":"ListItem","position":1,"name":"Home","item":"https:\/\/www.senplify.com\/"},{"@type":"ListItem","position":2,"name":"Senplify"}]},{"@type":"WebSite","@id":"https:\/\/www.senplify.com\/#website","url":"https:\/\/www.senplify.com\/","name":"Senplify","description":"Votre partenaire capteurs connect\u00e9s de A \u00e0 Z","publisher":{"@id":"https:\/\/www.senplify.com\/#organization"},"potentialAction":[{"@type":"SearchAction","target":{"@type":"EntryPoint","urlTemplate":"https:\/\/www.senplify.com\/?s={search_term_string}"},"query-input":{"@type":"PropertyValueSpecification","valueRequired":true,"valueName":"search_term_string"}}],"inLanguage":"en-GB"},{"@type":"Organization","@id":"https:\/\/www.senplify.com\/#organization","name":"Senplify","url":"https:\/\/www.senplify.com\/","logo":{"@type":"ImageObject","inLanguage":"en-GB","@id":"https:\/\/www.senplify.com\/#\/schema\/logo\/image\/","url":"https:\/\/www.senplify.com\/wp-content\/uploads\/2020\/03\/cropped-cropped-embleme-cropped-270x270-1-150x150-1.png","contentUrl":"https:\/\/www.senplify.com\/wp-content\/uploads\/2020\/03\/cropped-cropped-embleme-cropped-270x270-1-150x150-1.png","width":150,"height":150,"caption":"Senplify"},"image":{"@id":"https:\/\/www.senplify.com\/#\/schema\/logo\/image\/"}}]}},"_links":{"self":[{"href":"https:\/\/www.senplify.com\/index.php\/wp-json\/wp\/v2\/pages\/25","targetHints":{"allow":["GET"]}}],"collection":[{"href":"https:\/\/www.senplify.com\/index.php\/wp-json\/wp\/v2\/pages"}],"about":[{"href":"https:\/\/www.senplify.com\/index.php\/wp-json\/wp\/v2\/types\/page"}],"author":[{"embeddable":true,"href":"https:\/\/www.senplify.com\/index.php\/wp-json\/wp\/v2\/users\/2"}],"replies":[{"embeddable":true,"href":"https:\/\/www.senplify.com\/index.php\/wp-json\/wp\/v2\/comments?post=25"}],"version-history":[{"count":18,"href":"https:\/\/www.senplify.com\/index.php\/wp-json\/wp\/v2\/pages\/25\/revisions"}],"predecessor-version":[{"id":235,"href":"https:\/\/www.senplify.com\/index.php\/wp-json\/wp\/v2\/pages\/25\/revisions\/235"}],"wp:featuredmedia":[{"embeddable":true,"href":"https:\/\/www.senplify.com\/index.php\/wp-json\/wp\/v2\/media\/8"}],"wp:attachment":[{"href":"https:\/\/www.senplify.com\/index.php\/wp-json\/wp\/v2\/media?parent=25"}],"curies":[{"name":"wp","href":"https:\/\/api.w.org\/{rel}","templated":true}]}}